4?
-4a31
In base 4, what is 2 - 131333?
-131331
In base 6, what is -2 + -4134432?
-4134434
In base 15, what is c1 - a6?
1a
In base 11, what is -20184 + -2?
-20186
In base 8, what is 100736 + 5?
100743
In base 16, what is -e + -19c4?
-19d2
In base 14, what is -23c2 + -a?
-23cc
In base 6, what is 212 + -150?
22
In base 7, what is -5 + 40304?
40266
In base 8, what is 1345717 - -4?
1345723
In base 7, what is 2045 + 410?
2455
In base 6, what is 123403 + -420?
122543
In base 11, what is 16a + -378?
-209
In base 2, what is 1011010 + -1001000001011111?
-1001000000000101
In base 13, what is -1a00 + 19?
-19b4
In base 7, what is 2106134 - -16?
2106153
In base 16, what is -4 + aab6?
aab2
In base 6, what is -10003 + -3?
-10010
In base 11, what is -53a4 + -6?
-53aa
In base 9, what is -3 - 2300217?
-2300221
In base 13, what is aa09 - 2?
aa07
In base 14, what is 1 - -b18?
b19
In base 14, what is -2 + 285d?
285b
In base 10, what is 2 + 8501?
8503
In base 3, what is 100002 + 1122012?
1222021
In base 5, what is 31013 + 21424?
102442
In base 9, what is 5 + 238?
244
In base 2, what is -1100001010 + -111001?
-1101000011
In base 9, what is -14 + -18266?
-18281
In base 13, what is 114 + 17?
12b
In base 13, what is 41 - -c9?
13a
In base 4, what is 2 - -32212210?
32212212
In base 13, what is -5 - -30aa17?
30aa12
In base 12, what is -42b96b + -2?
-42b971
In base 13, what is 305 - 71?
264
In base 15, what is -230 - -212d?
1ded
In base 11, what is 11037 + -4a?
10a98
In base 5, what is -11334 + 13233?
1344
In base 4, what is 111311 - 21121?
30130
In base 6, what is 4422140 + 0?
4422140
In base 3, what is -11212 + -201122?
-220111
In base 10, what is 5 + -17970?
-17965
In base 14, what is -68c - -7?
-685
In base 2, what is -1011001100011100011 - 11?
-1011001100011100110
In base 7, what is -66 + -1010?
-1106
In base 5, what is 1244214 - -201?
1244420
In base 4, what is -11 + -232221321?
-232221332
In base 15, what is -112 + -bb?
-1cd
In base 14, what is -2b6d - -3?
-2b6a
In base 2, what is 0 - 10010101100111?
-10010101100111
In base 11, what is 147 + -644?
-4a8
In base 9, what is -25477 + -4?
-25482
In base 16, what is -627 + 97?
-590
In base 5, what is -4 + -20134102?
-20134111
In base 6, what is -3 + -21023534?
-21023541
In base 11, what is a1 - 5355?
-5264
In base 5, what is -234004414 - -2?
-234004412
In base 9, what is -13 - 8681?
-8704
In base 13, what is -1761 + b?
-1753
In base 6, what is -13 + 105311?
105254
In base 16, what is -f + 2987?
2978
In base 5, what is 43 + -203042?
-202444
In base 8, what is 160 + 1612?
1772
In base 9, what is -162267 - 10?
-162277
In base 14, what is 51a - -1104?
1620
In base 3, what is -12 + 20020120?
20020101
In base 14, what is 8 - 121a0?
-12196
In base 2, what is 11010000 + 10001111?
101011111
In base 9, what is 1 + 3635?
3636
In base 15, what is 0 - 19e41a?
-19e41a
In base 14, what is -4 - -87ca?
87c6
In base 16, what is -20 + -860?
-880
In base 10, what is 3 - -5225?
5228
In base 11, what is -1660 + 72?
-1599
In base 13, what is 7c + 7467?
7516
In base 11, what is 1251 - 540?
811
In base 5, what is -1 + 4441014?
4441013
In base 3, what is 22210 + 211110?
1011020
In base 12, what is 19 - -3634?
3651
In base 12, what is -3 + 12196?
12193
In base 7, what is 15 - -401121?
401136
In base 16, what is e17 - 66?
db1
In base 15, what is 1240 + -c?
1233
In base 8, what is -2405 + -43?
-2450
In base 12, what is 2 - -24a5?
24a7
In base 16, what is -54546 - 9?
-5454f
In base 4, what is -23023110 + 11?
-23023033
In base 7, what is 51 + -563?
-512
In base 3, what is -10101211 - 10010?
-10111221
In base 15, what is 250 + -836?
-5d6
In base 15, what is 153 + 0?
153
In base 10, what is -28 + 11475?
11447
In base 10, what is -3 + 1054304?
1054301
In base 3, what is -112111021 - 12?
-112111110
In base 13, what is -2 - -3094?
3092
In base 5, what is -3 + 302144?
302141
In base 8, what is 1532 - -17?
1551
In base 6, what is -120 + -345?
-505
In base 8, what is -230 + 3167?
2737
In base 15, what is 204 + 215?
419
In base 9, what is -16622 + 3?
-16618
In base 4, what is 303010 + -11?
302333
In base 6, what is -150 + 522?
332
In base 13, what is -870 - -4?
-869
In base 16, what is 1ca + 3?
1cd
In base 9, what is 435 + -117?
317
In base 9, what is 12 - -17441?
17453
In base 7, what is 141062 + 0?
141062
In base 7, what is 6220 + -4?
6213
In base 12, what is 1b00 + 17?
1b17
In base 7, what is 4 - 264363?
-264356
In base 9, what is -204 - 1312?
-1516
In base 12, what is 1 - 6?
-5
In base 10, what is -10 + -107992?
-108002
In base 12, what is -16990 - 2?
-16992
In base 2, what is -110001011101110011 + -1100?
-110001011101111111
In base 12, what is -63a - -795?
157
In base 10, what is 14 + 58723?
58737
In base 5, what is 2223341 + 3?
2223344
In base 13, what is -1cb6c5 - 1?
-1cb6c6
In base 8, what is 114543 + 100?
114643
In base 3, what is 2222022021 + 12?
2222022110
In base 6, what is -2031 - 23?
-2054
In base 10, what is -97 - 18915?
-19012
In base 3, what is -1110210 + -10010?
-1120220
In base 5, what is 31 + 241?
322
In base 6, what is 1 + 102553?
102554
In base 16, what is cff + -4b?
cb4
In base 10, what is -15242 - -29?
-15213
In base 16, what is 11a43 + -1?
11a42
In base 3, what is 110 + -2101022?
-2100212
In base 5, what is -4 + 20023?
20014
In base 8, what is 5 - -244220?
244225
In base 4, what is -1013 + 3131030?
3130011
In base 14, what is -232a34 - -4?
-232a30
In base 15, what is 193b1 - 8?
193a8
In base 14, what is -b6b2 - 55?
-b727
In base 5, what is -2031412 - -3?
-2031404
In base 16, what is -1327 - -a?
-131d
In base 6, what is -102525 + 354?
-102131
In base 5, what is -110220 - 12?
-110232
In base 8, what is 3 + 3766336?
3766341
In base 8, what is 246 - -6262?
6530
In base 4, what is 2011 - 23312?
-21301
In base 5, what is 43033204 + 110?
43033314
In base 12, what is -108a + 7a?
-1010
In base 6, what is -32432144 - 3?
-32432151
In base 5, what is 11 + -221044011?
-221044000
In base 15, what is 778c81 + -2?
778c7e
In base 15, what is -1 - -a9a30?
a9a2e
In base 14, what is 94c - -7?
955
In base 6, what is 1414 + -434?
540
In base 8, what is 3 + 1253132?
1253135
In base 3, what is -10 + 121001100?
121001020
In base 13, what is -b45 - a?
-b52
In base 9, what is 58188 - 2?
58186
In base 9, what is -33837 + -31?
-33868
In base 5, what is 4 + -22313?
-22304
In base 2, what is 1011010110011010 + 10?
1011010110011100
In base 16, what is -5 + 4598?
4593
In base 4, what is -11 + -110331321?
-110331332
In base 3, what is 10 - 1001020120212?
-1001020120202
In base 16, what is ba + 3fd?
4b7
In base 8, what is 743641 + 1?
743642
In base 11, what is 246249 - -7?
246255
In base 9, what is 4031 - -112?
4143
In base 10, what is 1 - -54616?
54617
In base 15, what is 4 - 8252?
-824d
In base 13, what is 2c8 + c3?
3bb
In base 8, what is 4 + 43765?
43771
In base 11, what is -107 - 2678?
-2784
In base 11, what is -1a7526 - -1?
-1a7525
In base 2, what is -1111000110111101 + 1?
-1111000110111100
In base 15, what is -5 + 5ee?
5e9
In base 3, what is 212 + -11220?
-11001
In base 3, what is 12210210211 + 10?
12210210221
In base 13, what is 74 - 2b0?
-239
In base 10, what is -7 - -427?
420
In base 12, what is -a24 - 0?
-a24
In base 4, what is -2 + 3110021?
3110013
In base 7, what is 162 + -3142?
-2650
In base 4, what is 10323 + -3233?
1030
In base 9, what is -15 - 1524?
-1540
In base 7, what is -100512 - 4?
-100516
In base 6, what is 45114 - -1?
45115
In base 2, what is 1110111010101 + -10?
1110111010011
In base 12, what is -12 - 3683?
-3695
In base 9, what is 561 - 10113?
-8442
In base 12, what is 87314 + -6?
8730a
In base 15, what is -1113 + 37?
-10cb
In base 13, what is 101 - -b13?
c14
In base 16, what is 139 - -60?
199
In base 12, what is 34b - 280?
8b
In base 2, what is 110000000111001 - 10000?
110000000101001
In base 9, what is 2 - 181516?
-181514
In base 8, what is -4615410 + 0?
-4615410
In base 14, what is -340 - -1675?
1335
In base 3, what is -10110021202 + 11012?
-10110010120
In base 9, what is 157441 + 3?
157444
In base 11, what is -317523a + -3?
-3175242
In base 5, what is -40432 + 120?
-40312
In base 7, what is 1013 - 5615?
-4602
In base 8, what is 3 - 3534054?
-3534051
In base 11, what is 103 + -10744?
-10641
In base 5, what is -4 - 203313321?
-203313330
In